 7*x - 3*x**2 + 4*x. What is u(-3)?
10
Suppose -3*l - 2*u - 10 = 0, -u + 22 - 1 = -5*l. Let o(b) be the third derivative of b**5/60 + b**4/8 - b**3/3 - 3*b**2. Give o(l).
2
Let o(z) = 58*z - 36*z - 28*z - 3 - z**2. Suppose w = 3*d + 23, 3 + 1 = d + 2*w. Calculate o(d).
-3
Let m(r) = -r + 7. Let l(w) = w**3 - 9*w**2 + 10*w - 11. Suppose -25 = -2*a + 3*t, -2*t + 0*t + 2 = a. Let n be l(a). Give m(n).
2
Let c(q) = 2*q**3 - 4*q**2 + 4*q - 2. Let o be c(2). Let z(f) = -f + 7. Calculate z(o).
1
Let z be 0/((-8)/2)*1. Suppose -1 = l - z. Let b(f) = 2*f + 1. Give b(l).
-1
Let d(q) = q + 18. Let j be d(-16). Suppose j*x - 10 = 7*x - 5*f, 0 = 3*f - 3. Let s(k) = 13*k**2 + 2*k + 1. What is s(x)?
12
Let v(l) be the second derivative of l**5/20 - 5*l**4/12 + 5*l**3/6 - 2*l**2 + 4*l. Give v(3).
-7
Suppose -3 = -0*q + 3*q. Let k = -1 - q. Suppose k*s = 3*s + 15. Let w(j) = -j + 3. Give w(s).
8
Let q(v) = -v + 8 - 5 - 3. What is q(5)?
-5
Let l(c) = 4*c + 3. Let y(d) = -3*d - 21. Let n(k) = 5*k + 32. Let z = 2 + -10. Let b(o) = z*y(o) - 5*n(o). Let j be b(10). Determine l(j).
-5
Let a(k) = k. Let v be a(2). Suppose 2*h - 9 = g - v*h, g - 3*h + 7 = 0. Let w(m) = -14*m**3 - m + m**2 - 2*m**2 + 7*m**3 - 1. Give w(g).
6
Let f(x) be the second derivative of -x**6/120 - x**5/60 + x**4/6 + x**3/6 - x**2 - 3*x. Let v(k) be the first derivative of f(k). What is v(-3)?
7
Suppose 0 = -3*c + 12 + 6. Let j(x) = x**2 - 8*x + 4. Calculate j(c).
-8
Let z(x) = 3*x**3 - 2*x**2 - 2. Let w be (-3)/(6/(-8)*2). Determine z(w).
14
Let s(y) = -y**2 - 2*y + 5. Let j be 5 - 5 - (7 + (1 - 3)). What is s(j)?
-10
Let t(m) = -m**3 - 6*m**2 - 4*m - 1. Suppose -3*d + 7 = -2*p, -5 = -2*p - 3*d - 18. Let c = -2 - 8. Let u = c - p. What is t(u)?
-6
Let i(o) = -5*o**3 + 6*o**2 + 6*o - 5. Let a(t) = t**2 + t - 1. Let w be 18/(-4)*(-44)/33. Let u(x) = w*a(x) - i(x). Calculate u(-1).
-6
Let n(w) = 2*w - 5. Let d(o) = -5*o + 10. Let g(u) = 3*d(u) + 7*n(u). Let r = 7 - 11. Give g(r).
-1
Let l be ((-3)/2)/((-3)/(-4)). Let b(r) be the second derivative of r**5/10 + r**4/4 + r**3/3 - r**2/2 - 22*r. Determine b(l).
-9
Let a(z) = -6*z**2 + 5*z + 1. Let c(t) = -3*t**2 - 2*t**2 - 10*t + 18*t**2 + 1 - 3. Let j(f) = -9*a(f) - 4*c(f). Calculate j(4).
11
Let j(m) be the second derivative of m**4/12 - m**3/2 - 13*m**2/2 - 5*m + 1. Calculate j(6).
5
Let b = 7 + -6. Suppose 2*l - 3 = b. Let m(f) = 3*f**3 - 3*f**2 - f + 2. Determine m(l).
12
Let x(b) = 3*b**2 + 3*b. Let m(y) = -6*y**2 - 7*y. Let a(c) = 6*m(c) + 13*x(c). Suppose 0 = -2*o + 2, 1 - 6 = -2*u - o. Give a(u).
6
Suppose 18 - 13 = 5*g. Let v(i) = -i - 1. What is v(g)?
-2
Let x(t) = 3*t + 5. Let y(u) = 2*u + 4. Let g(n) = 3*x(n) - 4*y(n). Determine g(5).
4
Let u(s) = 5 - 2*s**2 - 4 - 4*s**2 + 5*s. Suppose -24 = -9*g + 5*g. Let v(z) = 7*z**2 - 5*z - 2. Let a(r) = g*u(r) + 5*v(r). Determine a(5).
-4
Let c(x) = -x**3 + x + 4. Let z(w) = -w**2 - w + 6. Let k be z(-3). Calculate c(k).
4
Let q = 60 - 55. Let r(k) = -k**2 + 2*k + 6. Give r(q).
-9
Let o = 20 + -17. Let b(t) = -t**3 + 3*t**2 + 4*t. Give b(o).
12
Let f(o) = -o**3 + 5*o**2 - 4*o + 1. Let w(j) = j**2 + 7. Let u be w(0). Let z = -3 + u. Calculate f(z).
1
Let p(g) = g - 6. Suppose -22 = -4*f + 2*h, 4 = -4*f + 3*h + 29. Suppose 5 = f*z - 3*z. Give p(z).
-1
Let r(n) be the second derivative of n**5/20 - n**4/2 + n**3/6 + 3*n**2/2 + 28*n. Determine r(6).
9
Let n(b) be the second derivative of -5*b**2 - 1/20*b**5 + 0*b**3 - 5*b + 1/12*b**4 + 0. Let c = -3 + 3. Give n(c).
-10
Let q(v) = 2*v. Suppose y - 4 = 4. Let b be (-2)/(-8) - (-30)/y. What is q(b)?
8
Suppose 0*u + 2*u = -10. Let h(v) = 4*v + 1. Let p(y) = y + 1. Suppose 0*x = -2*x - 2. Let n(t) = x*h(t) + 6*p(t). Calculate n(u).
-5
Suppose 3*h + i + i = -1, 0 = 2*h - i + 10. Let z(d) = 3*d + d**2 + 2*d - d - 1. Determine z(h).
-4
Let s(u) be the second derivative of -u**3/2 + 3*u**2/2 - u. What is s(2)?
-3
Let w(v) = v**2 - 3*v + 3. Let p(m) = 2*m**3 - 2*m**2 + m + 1. Let q be p(1). Determine w(q).
1
Let l(g) = g - 2. Let k be (-10)/3*(-30)/25. Suppose k*b - 19 = -5*a, 2*a - 2*b + b = 5. Calculate l(a).
1
Let a be 2/4*0/13. Let q(s) be the third derivative of 0*s - 1/24*s**4 - 1/60*s**5 - 1/6*s**3 - 3*s**2 + a - 1/120*s**6. What is q(0)?
-1
Let h(n) = -29*n + 17. Let u(b) = 7*b - 4. Let c(r) = -2*h(r) - 9*u(r). Calculate c(2).
-8
Let p(y) = y**3 - 4*y**2 + 3*y + 3. Let s be p(3). Let h = 1 + -2. Let i = s + h. Let j(k) = -3*k + 2. Determine j(i).
-4
Let t(m) = 1 + 7*m + 11 - 5 + m**2. Let o be -4*(-1 + (-10)/(-4)). Give t(o).
1
Let x(t) = -t**3 + 6*t**2 - 4*t - 2. Suppose -7*g = -3*g. Suppose 3*r - 3*h = 2*r - 17, r - 15 = -5*h. Let c = g - r. Determine x(c).
3
Let t(b) = -b**3 - 3*b**2 + 4*b - 4. Suppose 2*l = -7 - 1. Let h(y) = -y - 1. Let c be h(l). Suppose 2*x - 2*d = -4, -c*d + 14 = -4*x - x. Give t(x).
-4
Let a(y) = -y**2 - 5*y + 5. Suppose 0 = -0*x - x + 2. Suppose -2*o - x - 6 = 0. What is a(o)?
9
Let w(i) = -36*i**2 + 47*i**2 - 1 + 2. Give w(-1).
12
Let f = 123 - 128. Let d(b) = b**3 + 4*b**2 - 2*b. Give d(f).
-15
Suppose 2*s - 8 = 4*s. Let a(b) = -b - 8. Let j be a(s). Let r(u) = -u**3 - 6*u**2 - 5*u + 4. Give r(j).
-8
Let s(w) = 0*w**2 - 3*w**2 + 1 + w**2. Let l(q) = -q**3 - 5*q**2 + q + 5. Let c be l(-5). Let z = 2 + c. What is s(z)?
-7
Let v be ((-12)/9)/(1/(-3)). Let d(i) = i**2 - 4*i + 6. Calculate d(v).
6
Let i(u) be the first derivative of -u**3/3 + u**2/2 + 4*u + 1. Let a(f) = -f**2 + 5*f + 6. Let x be a(6). Suppose -s - s = x. Calculate i(s).
4
Let w(f) be the second derivative of -1/6*f**4 - 2/3*f**3 + f - 2*f**2 + 0. What is w(-3)?
-10
Let v(a) = -2*a + 4*a + 0*a**2 - 3 + 5*a**2 - 8*a**2. What is v(2)?
-11
Let q = -103/4 + 26. Let m(j) be the first derivative of -1/2*j**2 + 3*j + 1 + q*j**4 + 0*j**3. What is m(0)?
3
Let t(m) = m**3 - 5*m**2 + 4*m - 4. Let z(f) = -f**2 + 7*f - 2. Suppose 0*v = 3*v - 54. Let a be 1/(3*1/v). Let k be z(a). Calculate t(k).
-4
Let y be 0 - 1 - (0 - 7). Let z(j) = 3*j + 3 + 34*j**2 + 1 + 3*j - 35*j**2. Determine z(y).
4
Let f(z) = 7*z**2 - 3*z + 1. Let g(c) = -15*c**2 + 6*c - 3. Let m(k) = 13*f(k) + 6*g(k). Calculate m(6).
13
Let v = 36 + -33. Let q(n) = n + 1. What is q(v)?
4
Let x(n) = -2*n**2 - 4*n - 2. Suppose 0 = 5*p + 2*o - 24, 5 + 9 = p + 5*o. Suppose 3*v = p*r - 25, 9 + 2 = -5*v - r. What is x(v)?
-8
Let i(h) = h + 8. Let r be (-1)/2*8/(-2). Suppose -r*n - 8 = 6. Let m be i(n). Let t(f) = 3*f**2 - 1. Calculate t(m).
2
Let j(d) = -9 - 4*d + 3*d + 2. Suppose 4*g + 12 = g. Give j(g).
-3
Suppose 3*v + 6 + 6 = 0. Let l be 29/4 + v/16. Suppose 1 = w + l. Let h(a) = a**2 + 6*a - 4. Determine h(w).
-4
Suppose 0*s + 8 = s. Let h(n) = -s + 4*n - n**3 + 8 - 5*n. Let x(f) = -f**2 + 6*f. Let l be x(6). Give h(l).
0
Let s(q) be the first derivative of -q**4/2 - 4*q**3/3 - q**2/2 + 2*q + 2. Let m be 11/(-4) - 3/(-4). What is s(m)?
4
Let q(y) = -4 - 3*y - 3*y + 5*y. Suppose 4*p - 2*l - 18 = 0, -p + 2*l + 16 = 2*p. Let i be 2/(-1) - (5 - p). Determine q(i).
1
Suppose 0 = -0*c + c - 4, -3*c = -3*v. Suppose -2*h = t, -v*t - 4*h - 9 = h. Let z(n) = 2*n - 2. Give z(t).
-14
Suppose 18 = -l + 4*l - 2*h, 0 = 4*l + 4*h - 24. Let a(s) = -s**3 + 7*s**2 - 5*s + 1. What is a(l)?
7
Let z(r) = -r**3 - 3*r**2 + r - 2. Suppose 0*q = 4*q - 4*v + 24, -3*v = -9. Calculate z(q).
-5
Suppose y - 1 + 4 = 0. Let l = y - -6. Let g(r) = -5*r + r**3 - 1 - 3*r**2 + l + 4 - r. Determine g(4).
-2
Let s(m) = -m + 5. Let b be s(5). Suppose 2*p + 2 = -b*p. Let d(w) be the first derivative of -w**2 + w - 1. Calculate d(p).
3
Let r(f) = -5*f + 1. Suppose 0 = i - 2*i + 5. Let a(g) = g + 8. Let j be a(-6). Suppose -i*k - 3 - j = 0. Determine r(k).
6
Let w(i) = -i**2 - 7*i + 13. Let t(s) = 2*s**2 + 14*s - 25. Let d(o) = -3*t(o) - 5*w(o). Calculate d(-8).
2
Let t(g) = g - 3. Let r be t(3). Let c = -12 - r. Let j be -3*(0 + c/(-9)). Let h(n) = -n - 6. Calculate h(j).
-2
Let y be 6/(-2 - (-4 - -3)). Let j(w) = -2*w**2 + 7*w - 1. Let b(p) = -p**2. Let q(d) = 3*b(d) - j(d). Determine q(y).
7
Suppose -15 = -3*y + y - p, -5*y + p + 34 = 0. Let m(t) = 3 + 1 + 9*t - 14 + 3*t**2 - 4*t**2. What is m(y)?
4
Let i(x) = -x + 16*x**3 - 8*x**3 + 3*x**2 - 6*x**3 - 2 - x**3. Calculate i(-4).
-14
Suppose -4*w + 6 = -3*m, -2*w + 3*m = 5*m - 10. Suppose w*z = -5*c + 8,